2
What is the value of -21 + (8 - -1) + 20 + -2?
6
-113 + 119 - (18 + -1)
-11
What is the value of (-4 - ((-19 - -3) + 8)) + 2?
6
Evaluate (-2 - -3) + -11 + 22 - -4.
16
Evaluate -7 - (-8 - -13) - 0.
-12
What is the value of -1 + (-14 + -1 - ((-20 - -48) + -35))?
-9
What is the value of (-2 - 5) + -4 + 6 + (2 - 7)?
-10
Calculate 10 + -4 + (11 - 13) - -26.
30
Calculate -6 + 2 - (2 + -1 + (-1 - -5)).
-9
Evaluate (-648 - -707) + -33 + 0.
26
What is 6 - ((-13 - -17) + 5)?
-3
22 + -45 + (-21 - -22)
-22
What is the value of (9 - (-11 - -20)) + 0?
0
What is the value of -24 - (23 - 37) - (0 + -10)?
0
What is -5 + 3 + 11 - (-14 - (-8 - 4))?
11
-6 + (1 - -3 - -12)
10
Evaluate 27 + (-5 - 3 - (-7 - -3)).
23
Evaluate (20 - 9 - 23) + 4.
-8
What is -90 + 81 - (-4 + 2 + 8)?
-15
What is 13 + 18 + -13 + -28?
-10
Calculate (-4 - -42) + -6 + -36.
-4
Calculate -21 - (0 - ((-6 - -4) + 9) - -8).
-22
What is the value of 5 + -4 - (-38 - -56)?
-17
What is the value of 22 + (1 - 0) - (1583 + -1571)?
11
What is the value of 32 + (-29 - (-15 + -3))?
21
Calculate -4 + -8 + (-14 - -13) + (1 - 4).
-16
What is 36 + -36 + 15 + -4?
11
-9 - (81 - 90 - (0 + 6))
6
10 - 9 - (57 - 48 - (1 - 1))
-8
What is 8 + (35 + -38 - (6 + -2)) + -20?
-19
What is the value of (-3 + 13 - (3 + 28)) + 10?
-11
22 + -5 + (0 - (4 - 15)) + -9
19
Evaluate (12 - (-21 + 46 + -2)) + (-1 - 5).
-17
What is the value of 2 - (12 + 3 + -21)?
8
Evaluate -1 - (-11 - (21 - 20)).
11
What is the value of (21 + 8 - 4) + -34 + -1 + 15?
5
Calculate -24 + (1 - (3 + 0 + 3)) + 12.
-17
What is the value of 8 + -8 - (7 - 12 - -3)?
2
Evaluate (-23 - -19 - -11) + (6 - 1).
12
What is the value of -3 + -24 - -5 - -3?
-19
What is -46 + -8 + (15 - (-10 + 9 + 3))?
-41
-5 - (-8 - 11) - 5
9
Calculate 12 + (12 - (20 - 10)).
14
What is the value of 23 + -16 + 9 + -10?
6
What is the value of (-1 + 0 - 6) + 2 + 0 + -4?
-9
What is (5 - (-2 - 12 - -53)) + 12?
-22
What is the value of 9 - ((-7 - (-3 + -21)) + 2)?
-10
Evaluate 0 - (6 + -20) - 10.
4
What is (1 - -4) + -1 - (0 + -6 + 33)?
-23
Evaluate 38 + -15 + -14 + -10.
-1
What is 9 - (0 + 1 + (4 - 0 - 8))?
12
What is -1 - 12 - 8 - (-7 + -7)?
-7
What is (-25 - (2 + -43)) + -2 + -4?
10
1 - (-35 - -46 - (-3 + 13))
0
What is (1 - 4) + (4 - 2) + -39 + 35?
-5
What is 20 + -3 + -1 + -11?
5
Calculate -29 - -18 - (0 + (-6 - 2)) - 9.
-12
6 + -1 + -8 + 9 + -2
4
What is the value of -4 - (450 - 435 - (14 + 1))?
-4
23 - (33 - (-23 + 31))
-2
Calculate 6 - (3 + (-4 - (16 + -9))).
14
Evaluate (-1 - (-19 + 6)) + 6.
18
(-19 - (-2 + 1)) + 7 + -2 + -3
-16
What is the value of 72 - 65 - (0 + 7 - (-2 + -1))?
-3
Calculate (10 + -1 - (-16 - (20 + -41))) + -8.
-4
Evaluate 23 + 26 + (-11 - 14).
24
Evaluate 22 + -7 + -5 - ((-11 - -15) + -2).
8
What is the value of 4 + -11 + (27 + -5 - 35)?
-20
What is 6 + (-35 - ((5 - 1) + -1))?
-32
What is the value of 0 + -22 - (56 - 73)?
-5
What is 9 + (-7 - 3) + -5 - (1 - 3)?
-4
What is (4 - 2) + -3 - (-7 - -4) - -9?
11
Evaluate (50 - 24) + 18 - 39.
5
0 + -11 - (-203 + 193)
-1
What is -92 - (3 - 87) - ((-1 - -1) + -10)?
2
What is -21 - ((-19 - -8) + -10)?
0
Calculate (-39 - -42) + -2 + (-3 - -2) + 9.
9
What is (-20 - (-36 + 18)) + -3 + -10?
-15
Calculate 1081 + -1091 - (-21 + 0).
11
5 + -1 + -15 + 2
-9
What is the value of (-5 + 29 - 1) + (26 - 32)?
17
What is (432 - 443) + (36 - (2 + -2 + 1))?
24
What is the value of -4 + 5 + 21 + (-9 - -4) + 2?
19
What is the value of -18 + 1 + -2 + 11?
-8
Evaluate 75 + -71 + (1 - 13).
-8
Calculate 125 + -144 + (8 - (-1 - -2)) - 9.
-21
Evaluate 34 + (2 - (5 - -17)).
14
What is the value of 57 + -57 + (31 - 6)?
25
Calculate 1287 + -1294 + (-1 - -19).
11
(12 - (22 + -12)) + (-3 - -1) + -2
-2
What is 11 - (27 - (10 - 7) - 12)?
-1
-2 - -1 - (42 + -73 - (1 - 8))
23
What is (-1 - 0) + 5 - (-58 - -19 - -35)?
8
What is 46 + (26 - 53) - 28?
-9
(15 - 23 - 3) + 24
13
-19 + (-81 - -99 - (16 + 0))
-17
Calculate (0 - 1) + (11 - 9) + 4.
5
What is the value of 1 + 5 + 8 + 7 + -26 - -3?
-2
Calculate (-9 + 18 + -30 - (3 + -2)) + 5.
-17
What is the value of 3 + -9 + (7 + -14 - -12) + 1?
0
3 - (14 + (-16 - -10) + -2)
-3
(-4 - -6) + (-2 + 8 + 2 - 14)
-4
-67 + 43 - -14 - (-4 + (-4 - -2))
-4
Calculate -3 + (1 - -48 - 20).
26
What is (9 - (-5 - -25 - -3)) + 2?
-12
-1 + 1 + -2 + (-2 - (-4 - 3))
3
Calculate -7 + (17 - 14) - -2.
-2
-52 + 38 + 4 + 4
-6
What is 4 - (29 + (-12 - 3))?
-10
What is the value of 8 - (34 + (-8 + 5 - -14) + -3)?
-34
Evaluate -6 + -5 + (-3 - (-3 + 1 - 6)).
-6
Evaluate (5 - (3 + -4 + -3)) + (-4 - -7).
12
Evaluate 42 + -36 + -3 + 2 + 7 + -1.
11
Calculate -9 + 6 + 9 + -3 + 6.
9
Evaluate -5 + -10 - (-12 + 1).
-4
-22 + -9 + -5 + 7 + 14
-15
What is 24 - ((0 - 1) + (17 - (-6 - -18)))?
20
Calculate 1 + 12 - (-4 - (-6 + 10)).
21
-42 + 12 - -32 - (4 - 2 - 6)
6
94 + -131 + -11 + 6 + -1 + 10
-33
What is the value of (-8 - 2) + 23 + -29?
-16
Calculate -9 - ((-113 - -117) + (-10 - -1)).
-4
Evaluate 3 - (9 + -5 + 22) - (79 - 87).
-15
What is 1 - (14 - (-11 + 22))?
-2
Calculate 1 - (2 + -6) - (-13 + -2 + 9).
11
2 + -13 - (251 + -281)
19
Evaluate -7 + 4 - (-10 - -1) - (24 + -8).
-10
What is -7 + (-6 - -7) + -5?
-11
What is (-1 - -2) + -8 + (-8 - -16) + -2?
-1
Evaluate -9 - (-1 + 15 + -20 + 2).
-5
26 - (-18 - 22 - -33)
33
0 + 0 - (-2 + -1 + (-40 - -50))
-7
Calculate 178 - 185 - (-29 - 1).
23
What is -3 - (-7 + 7 + -3)?
0
What is the value of 6 + -4 + -5 - (-5 - -13)?
-11
8 - (0 - -7 - (17 - 6))
12
5 + (-2 - -8) + -5
6
What is -116 + 99 - (-35 + -6)?
24
Calculate 14 + 19 + -22 + (3 - 8).
6
What is -15 - 12 - -37 - (-1 + 12) - 26?
-27
What is 1046 + -1058 + -1 + (-2 - -12)?
-3
0 - (17 + -6 - (-6 - -16))
-1
What is the value of (-3 - 1) + (8 - (-13 + (-1 - -9)))?
9
Evaluate 23 + -14 + -25 - -18.
2
What is 2 - (8 + 3 + -28) - (0 + -8)?
27
Evaluate -27 - -8 - -33 - 32.
-18
Calculate 8 + -8 + 5 - (18 + -4).
-9
Evaluate (17 - (11 + 0)) + (13 - 1 - 1).
17
Calculate 15 + (-8 - -16) + -32.
-9
What is the value of -1 + -1 - -29 - (413 - 405)?
19
What is (9 - 0 - (7 - 8)) + 4 + -41?
-27
What is 31 + -32 - ((6 - -3) + -3)?
-7
1 + -4 - (6 - (-5 + 14)) - 2
-2
Calculate -6 - (-11 + 12 + -4 + 12).
-15
Calculate 7 - 0 - (-2 - -1) - (-16 + 19).
5
What is the value of -3 - 4 - (3 - 1 - 18 - -6)?
3
What is the value of (1 - 2) + (9 - (-5 + 6))?
7
11 - ((20 - 31) + 25)
-3
What is -1 + 21 + (7 - 15 - 4) + 6?
14
(-2 + -4 - 8) + 2 - (-7 + 9)
-14
What is the value of -1 - -2 - (86 + -83)?
-2
Calculate 31 + 0 + (-6 - -8 - -3 - 7).
29
What is (2 - (-1 - -17)) + 159 + -173?
-28
What is the value of 0 - 15 - (8 - ((-3 - 7) + 16))?
-17
Evaluate -10 + (-11 - -8 - 1).
-14
Calculate -6 + (3 + 9 - (0 + 1) - 7).
-2
5 + (-4 - 0) - (21 - 21)
1
Calculate (0 - -10) + (0 - 4 - (9 - 16)).
13
28 + -29 - (-6 - (-1 + -18))
-14
Evaluate 11 + -6 + 2 + -14.
-7
What is the value of -11 - (0 + (-3 + 1 - 4)) - 6?
-11
Evaluate 4 + -2 + 64 + -20 + -39.
7
What is ((30 - 16) + -16 - 15) + 7?
-10
3 + 2 + (0 - -3) + -57 + 56
7
(0 - (8 + 0)) + -6 - (0 - 2)
-12
Evaluate -4 - (-16 + 30 + -2).
-16
What is (4 - 11) + (6 - -3 - -6) + -10?
-2
Calculate (-19 - 3) + (19 - 12) + 3 + 0.
-12
Calculate 195 + -195 - (-2 + 19 - 0).
-17
What is (-4 - 0) + (-73 - -71) + (11 - -2)?
7
-14 + 30 - -4 - (11 - 4)
13
What is the value of 16 + (-14 - ((5 - -3) + -12))?
6
Evaluate 8 + -28 + (12 - (-5 - -9)).
-12
What is -19 + (42 - (20 - 15))?
18
Evaluate 0 - ((-8 - -7) + 2 + 1 - 7).
5
What is 47 - -1 - (-9 + 26 + -3)?
34
Calculate -8 + -120 + 129 + -1 + -7.
-7
What is the value of -12 - (-12 + -3 - -2)?
1
What is the value of -22 - (-12 + 6 + -5) - -14?
3
Calculate 20 + -2 - (411 - 405).
12
Evaluate (17 - -8) + -3 + (5 - 2).
25
179 - 190 - (8 + 0) - -7
-12
Evaluate 1 + 8 + (2 + (10 - 5) - 6).
10
What is the value of 27 + -20 - (-1 - -11)?
-3
What is the value of -9 - (-3 - 13) - 6 - -5?
6
(27 - 32) + (4 - -18)
17
What is (-7 - -3) + -1 - (-7 - (-6 + -2))?
-6
What is the value of 7 + (27 - 22) - -5?
17
Evaluate (-39 + 0 - (395 - 424)) + 2 + 0.
-8
What is -1214 - -1233 - ((1 - 1) + 7 + 0)?
12
What is the value of (-19 - (-4 + 0)) + 10?
-5
Evaluate 12 + 1 - (-2 + (-8 - -14 - 7)).
16
Evaluate -8 + 38 + -15 + 18.
33
What is the value of (165 - 169) + (-6 + 3 + 6 - 8)?
-9
What is 1 - 6 - (1 - 2 - (27 + -6))?
17
32 - ((12 - -2) + -7 + -7)
32
Wha